 -r, -6 = -s*l. Calculate the greatest common factor of 20 and r.
10
Let w = -10 + 14. Suppose t + 15 = -w*t, 4*p - 54 = 2*t. What is the highest common factor of p and 6?
6
Let i = 529 + -336. Suppose -178 = -n - 4*d, 2*d = -n + d + i. What is the highest common factor of n and 18?
18
Let v be (-378)/(-26) + 96/208. Calculate the highest common factor of v and 1515.
15
Let m = 871 - 854. What is the highest common divisor of 153 and m?
17
Let m = 17 - 1. Let u be -20*(7 - (-451)/(-55)). Calculate the greatest common divisor of m and u.
8
Let o(a) = -2*a**3 - 4*a**2 - 4. Let k be o(-3). Calculate the highest common factor of 1792 and k.
14
Suppose 5*t - 4*q - 8485 = q, -1713 = -t - 3*q. What is the greatest common divisor of t and 9?
9
Suppose 6*l - 3*l - 3*n + 729 = 0, 5*n - 25 = 0. Let t = -161 - l. Calculate the greatest common factor of t and 7.
7
Let x(a) = 2*a**2 + 2*a + 4. Let w be x(-6). Suppose -n = -1 - 0. Suppose 3 = d, 2*d + 3*d = 2*h - n. Calculate the greatest common factor of h and w.
8
Suppose -5*v = -a - 29 + 4, -3*a - 15 = 0. What is the greatest common divisor of v and 108?
4
Let v(n) = 5*n**3 + 1. Let d(r) = -r + 3. Let z be d(2). Let i be v(z). Let x be 51 - 9/6*-2. What is the highest common factor of i and x?
6
Let u(x) = -x**3 + 13*x + 7. Let p be u(-5). Suppose p*t = 65*t + 10. What is the greatest common divisor of t and 55?
5
Let b(t) = 3*t + 52. Let m be b(-9). Suppose -g + 116 = 41. What is the highest common divisor of g and m?
25
Let c be 38/8 + 9/36. Let t be 2/(6/(-9)) + 48. Calculate the greatest common factor of c and t.
5
Let l(x) = -x + 3*x**2 - 5 + 4 - 2*x**2 + 0. Let s be l(2). What is the highest common factor of s and 1?
1
Let n(k) = -104*k - 1. Let t be n(-6). What is the highest common factor of t and 445?
89
Let n be 64 - (-2 - (3 + -3)). Let a be n - 8 - 5/((-10)/4). What is the highest common divisor of 24 and a?
12
Let g = 357 + -350. Let h be (-2)/(-1)*(-606)/(-12). Let d = -52 + h. Calculate the greatest common factor of d and g.
7
Suppose -c - 4*j = 13, -4*j + 134 + 18 = -4*c. Let o = c + 101. Calculate the highest common factor of 17 and o.
17
Let w(r) = r + 1. Let p(d) = 16*d + 8. Let n(h) = p(h) - 6*w(h). Let u be n(1). What is the greatest common divisor of u and 12?
12
Let k be 2/(-16) + (-38641)/(-136). Let l = k + -194. Suppose -4*t - 2*p = p - 69, l = 5*t + 5*p. What is the highest common divisor of 165 and t?
15
Let g = -14 + 17. Suppose 2*q - q - 11 = 3*z, 0 = 5*q - g*z - 31. Suppose q*v + 10 = 0, -4*i - 4*v - 12 = -6*i. What is the greatest common divisor of 6 and i?
2
Let a be (-1185)/(-135) - (-2)/9. Let j be 0 + 0 + 1 + a. Let l(q) = q + 3. Let b be l(7). Calculate the highest common factor of b and j.
10
Let w be (-24)/3 + (-610)/(-10) + 1. What is the highest common factor of w and 1314?
18
Suppose 3*r = -r + 8. Suppose -r*c - u = c - 52, -52 = -2*c - 5*u. Let v be (0 + 32)*(-22)/(-4). Calculate the greatest common divisor of c and v.
16
Let h be (-1 + (-50)/4)/((-57)/114). Calculate the highest common divisor of h and 5373.
27
Let y be (-22504)/(-754) + 3/((-78)/(-4)). What is the highest common divisor of y and 200?
10
Suppose -20 = -x - 2*v, v + 21 = x - 5. Let h = 7 + -2. Let z = 13 - h. What is the highest common factor of x and z?
8
Let x be 1024/6 + (-28)/42. Suppose 0 = 2*p + 5*s - 8 - 37, -5*p + x = s. Calculate the greatest common divisor of p and 14.
7
Suppose 4*a + 6 = 2*o, -2*o - 4*a = -3*a - 26. Calculate the greatest common divisor of o and 319.
11
Let b be (120/2 - -4) + -2. Calculate the greatest common factor of b and 217.
31
Suppose -52 = -x - 2*t + 34, 3*x + 3*t - 273 = 0. Suppose x = 4*r - 2*r. Calculate the greatest common divisor of 16 and r.
16
Let k = 1907 - 1588. Let l = 91 + -62. What is the highest common divisor of k and l?
29
Let z(s) = -15*s + 71. Let l be z(3). Calculate the highest common factor of 130 and l.
26
Let o(v) be the second derivative of 0 - 5/12*v**4 - v**2 - v**3 - 1/20*v**5 + 8*v. Let h be o(-4). Calculate the greatest common divisor of 15 and h.
3
Let c = -512 - -523. What is the highest common factor of c and 649?
11
Let j(z) = -3 + z - 3 + 6*z**3 + 4 - z**2. Let w be j(2). Let y be 1 - (3*(-1 + 340/(-15)) + 6). What is the greatest common factor of y and w?
22
Suppose 9 = 3*l + l + k, 5*k + 15 = 0. Let r be -4 + l/(-3) + 9. Calculate the highest common factor of 36 and r.
4
Suppose -14*n + 9*n + 960 = 0. Suppose -2*g + 6*g = n. Calculate the greatest common divisor of 6 and g.
6
Suppose 4*c = 2*c + 20. Let r be 138/7 + (7 - (-423)/(-63)). Calculate the greatest common divisor of r and c.
10
Let d(o) = 3*o**2 + 35*o - 45. Let j be d(-18). Calculate the highest common divisor of j and 27.
27
Let g be (-1)/(-4) - 18/72. Let v be (-3)/(g - 3) + 2. Suppose v*f - 19 = 20. Calculate the highest common divisor of f and 104.
13
Suppose -2*d = -4*a - 18, 5 = 3*d - 4*a - 16. Suppose -237 - 87 = -d*t. What is the highest common factor of t and 12?
12
Suppose -3*b + 6*b - 180 = 0. Let l be (-2 - 2) + (26 - -1). Let k = l - 11. What is the highest common divisor of b and k?
12
Let f = 69 + 6. What is the highest common factor of f and 60?
15
Let j = -29 + 299. Suppose 2*i - 7 - 31 = 0. Suppose 5*v + i = 154. Calculate the greatest common divisor of v and j.
27
Let l(r) = 53*r. Let a be l(2). Let q be 3/2 + a/(-4). Let w = q + 35. Calculate the greatest common factor of w and 10.
10
Suppose 2408 + 1492 = 15*r. What is the greatest common factor of 65 and r?
65
Suppose -14*h - 4*o = -12*h - 372, 0 = -3*h + 2*o + 518. Calculate the greatest common factor of 132 and h.
44
Suppose -2*t - 125 = -243. Calculate the highest common divisor of t and 944.
59
Let d be -110*11/(-33)*468/15. What is the greatest common factor of 88 and d?
88
Suppose -b + 37 = 81. Let q = b + 46. What is the highest common divisor of q and 22?
2
Let p(o) = -35*o + 25. Let g be p(-4). Suppose 2*w - u - 2 = 20, 4*w = 4*u + 44. Calculate the greatest common factor of w and g.
11
Suppose -i - 2*x = -6*i - 275, 0 = i + 3*x + 72. Let f = i + 67. Calculate the greatest common divisor of 70 and f.
10
Let h(j) = 25*j - 189. Let s be h(8). Calculate the highest common divisor of 1144 and s.
11
Let t = -25 + 55. Suppose -4*f + 132 = 4*r, -4*f + t = r - 6*f. What is the greatest common factor of r and 48?
16
Let i = 10 + -8. Let u(v) = 7*v**2 + v + 1 + i*v**2 + 0*v**2. Let n be u(-1). Calculate the highest common divisor of n and 63.
9
Suppose 6*w + 292 = 10*w + 2*b, 3*b + 12 = 0. Let m(h) = -10*h**2 + h. Let p be m(1). Let y = 21 - p. Calculate the highest common divisor of y and w.
15
Let p = -975 + 1010. What is the greatest common factor of 504 and p?
7
Let y be -7*1692/(-84) + (2 - -1). Suppose w - 2*w + 3*d = -1, -2*w - 4*d + 52 = 0. Calculate the greatest common factor of w and y.
16
Suppose 0 = 4*m - 3*p - 474, 2*m - 220 = p + 18. Let i be (-15 - (-350)/30)*-12. Calculate the highest common divisor of i and m.
40
Let k be (11 - -1)/(0 + 24/560). What is the greatest common divisor of k and 8?
8
Let i be ((-48)/(-84))/((-2)/(-7) + 0). Suppose 0 = q + 4*c - 16, 0 = -2*q + 4*c - 8 - 8. Let v = i + q. Calculate the highest common divisor of v and 16.
2
Suppose -2*k - 196 = -5*o - 32, 2*o + 4*k = 56. Let t = -21 + o. Suppose 2*y - t = -3. What is the highest common factor of 8 and y?
4
Let p = 59 + -28. Suppose 3*k - 25 = -l, -2*l + l - p = -5*k. Calculate the greatest common divisor of k and 77.
7
Let n(q) = -5*q**2 + 37*q + 149. Let r be n(10). Calculate the greatest common divisor of r and 4617.
19
Suppose 0 = -4*n + 3*x + x + 36, 2*x + 30 = 5*n. Let g be -3*(-5)/(-15)*-28. Calculate the highest common factor of n and g.
4
Let l(k) = -6*k. Let s be l(-1). What is the greatest common divisor of 4 and s?
2
Let z(v) be the second derivative of v**3/6 - v**2/2 + v. Let j be z(7). Suppose j*o + 81 = 237. Calculate the greatest common divisor of 39 and o.
13
Let x(k) = -k**2 - 6*k + 1. Let r be x(-4). Let g be (-3)/(-18)*4*r. Suppose -40 - 14 = -g*y. Calculate the greatest common factor of 36 and y.
9
Let k(d) = 11*d**3 + 15*d**2 + 61. Let l(h) = 5*h**3 + 7*h**2 + 30. Let w(o) = -6*k(o) + 13*l(o). Let n be w(0). What is the greatest common factor of 60 and n?
12
Suppose -84 = 3*f +